= d + j. Calculate the highest common divisor of 3 and y.
3
Let u = 225 - 106. Calculate the greatest common factor of 34 and u.
17
Suppose -195 = 2*r - 7*r. Suppose 0 = 3*k + 3*z - 9, -5*k + z + r + 6 = 0. What is the greatest common factor of 12 and k?
4
Let w = 65 - 51. Let m be (2 - (2 - 2)) + 12. What is the highest common divisor of m and w?
14
Let f be (-1032)/(-12) + 0 + -2. What is the greatest common factor of 21 and f?
21
Suppose 2*j = 4 - 0. Calculate the highest common divisor of 22 and j.
2
Let y(f) = -f - 8. Let v be y(-10). Suppose -6*w + 16 = -v*w. What is the highest common divisor of w and 12?
4
Let w be 39 + 3*(0 - 1). Calculate the highest common divisor of 24 and w.
12
Suppose 4*s = 6*s - 4. Suppose 0*c + s*c - 6 = 0. Calculate the highest common factor of 12 and c.
3
Let g be 0 + 1 + -1 + 1. Suppose -5*r = -g - 59. Suppose -2*w + 20 + 4 = 0. What is the greatest common factor of w and r?
12
Suppose 0 = h + h + 3*r + 5, 4*h - 5 = -r. Suppose -34 = -h*n + 22. Calculate the highest common divisor of n and 4.
4
Let y(n) = -n**2 + 12*n - 21. Let c be y(9). Calculate the greatest common divisor of 4 and c.
2
Let x be -2 + 9/(-2 - 1). Let l = x + 20. What is the greatest common factor of 135 and l?
15
Let k = 11 + -3. Suppose 0 = 7*u - k*u + 3. What is the greatest common factor of u and 9?
3
Suppose 4*o + l = 4*l - 55, -l = -4*o - 53. Let i = 3 - o. Calculate the highest common factor of i and 24.
8
Suppose 0 = -q - 5*o - 14, 2*q = -q - 3*o - 6. Let u be q/(-3) - (-116)/(-12). Let f = -6 - u. What is the highest common divisor of f and 2?
2
Suppose 0 = -3*l + 5*l - 20. What is the highest common factor of 80 and l?
10
Let a be ((-4)/(-3))/((-4)/(-6)). Suppose 3*v - 47 = -a. Suppose 5*k - 19 = t, -2*t + 12 = -5*k + 35. Calculate the highest common factor of v and k.
3
Let z(j) = -j**3 + 10*j**2 - 8*j + 7. Let b be z(9). Suppose 4*y = -4*g + 116, 2*g = -3*g - y + 125. What is the highest common factor of g and b?
8
Let m be (12/(-8))/(3/(-4)). Let l be (m - -2)*(1 + -2). Let s = l + 11. What is the highest common divisor of s and 49?
7
Suppose -4*k - 3*t + 654 = 0, 4*k = 5*k + 3*t - 159. Suppose -2*o = o - 45. What is the highest common factor of o and k?
15
Suppose -30 = -2*d - 3*d. Suppose 3*j = -d + 15. Suppose -2*g = g - 72. What is the greatest common factor of j and g?
3
Let j(l) = -4*l**3 - 4*l**2 - 2*l. Let b be j(-2). Calculate the greatest common factor of 30 and b.
10
Let y = 81 - 80. Let g be -1 + 6 + (-1 - 0). Suppose -g*r - 17 = -5*q, -5*q + r = -q - 18. Calculate the highest common divisor of q and y.
1
Suppose 4*f - 6*f = 34. Let z = 45 + f. Calculate the greatest common divisor of z and 42.
14
Let l be (-3)/((-2)/4 - 0). Let g(s) = -2*s**3 - 4*s**2 - s + 3. Let q be g(-2). Let k = l + q. Calculate the greatest common factor of k and 22.
11
Let s(x) be the first derivative of 14*x**3/3 + 2. Let u be s(-1). Suppose -2*p + 10 = 3*p. What is the highest common factor of p and u?
2
Suppose 123 = 4*m - 9. What is the highest common factor of m and 132?
33
Let r(a) = -a**3 - 4*a**2 + 14*a + 7. Let h be r(-6). Let f(p) = p**3 + 5*p**2 - p + 3. Let z be f(h). Calculate the highest common factor of z and 72.
8
Let k(l) = 7*l - 9. Let s be k(6). What is the greatest common factor of 11 and s?
11
Let t(s) = -s**2 - 7*s + 5. Let y be t(-7). Calculate the highest common divisor of y and 5.
5
Suppose -4*d - d = -30. Let l(m) = -m - 4. Let f be l(d). Let n be (-1)/(-5) - 108/f. Calculate the highest common divisor of n and 88.
11
Let y = 153 - 102. What is the highest common factor of 34 and y?
17
Let u = 49 + -19. Calculate the highest common factor of 5 and u.
5
Let s = -175 + 186. What is the greatest common divisor of 297 and s?
11
Suppose -5*z - 2*n - 174 = 0, 17 = -z - 3*n - 23. Let x = 47 + z. What is the greatest common factor of x and 104?
13
Let g be (1 + 0)*1*1. What is the highest common divisor of g and 8?
1
Let r = -196 - -219. Suppose 0 = y + y - 368. Calculate the greatest common divisor of y and r.
23
Let q(v) = 46*v + 3. Let z(i) = -91*i - 7. Let j(o) = -11*q(o) - 6*z(o). Let s be j(5). What is the highest common divisor of s and 19?
19
Let x be (5 + (-95)/10)/(6/(-16)). What is the greatest common divisor of 132 and x?
12
Let z be 10/(-3)*36/(-4). Let a = -18 + z. Let p = 155 + -59. Calculate the greatest common factor of p and a.
12
Let g be (-4)/(1 + -1 - 2). Suppose 2*o - 5*m + 11 = 0, -1 = -g*m + 5. Calculate the greatest common divisor of o and 12.
2
Let r(s) = -s + 2*s + 1 - 2*s. Let v be r(-5). Let o be 70/v + (-8)/12. Calculate the greatest common divisor of o and 11.
11
Suppose -40 = -5*k + 120. Suppose 0 = -2*m - 4*z + 4, -m + 4 = -z + 2. Suppose 3*n - 80 = -m*n. What is the highest common divisor of k and n?
16
Let c(q) = q**2. Let v be c(5). Let u = 4 + -13. Let l = -4 - u. Calculate the greatest common factor of v and l.
5
Let c be 7/(-14)*(-1 + 1). Let r be 1 - c - (-6)/2. Calculate the greatest common divisor of r and 2.
2
Suppose -2*v + 24 = -3*c - 5*v, -5*v = 2*c + 28. Let k(j) = j**2 + j - 4. Let b be k(c). What is the highest common divisor of b and 80?
8
Let b be (7 + 0/3)*(-1 - -2). Let r(u) = -44*u - 51*u + 17*u - 1. Let d be r(-1). Calculate the highest common factor of b and d.
7
Let j be (-8)/((-1)/(-3)*(-27)/90). Calculate the greatest common divisor of 5 and j.
5
Let s = 11 - 7. Suppose -1 = o - s, q - 2*o = 8. Calculate the highest common divisor of 70 and q.
14
Suppose -2*q = -7*q + 70. Let b be (-74)/(-8)*(-2 + 6). Suppose u + 22 = 4*d + 4*u, -b = -5*d + u. Calculate the greatest common divisor of d and q.
7
Let x(s) = 4*s - 15. Let a be x(7). What is the highest common factor of a and 91?
13
Let s(o) = o - 4. Let d = -6 - -12. Let j be s(d). Let t be (3*6)/1*j. What is the highest common divisor of t and 12?
12
Let l(c) = c**3 - 7*c**2 + 4*c - 9. Suppose 2*b = 2*y - 22, -4*y + 3 = 3*b - 13. Let z be l(y). What is the greatest common factor of z and 95?
19
Let y = 24 + -9. Let m = 132 - 75. Suppose -4*w + m = q - 0, 3*q = -9. Calculate the highest common factor of y and w.
15
Let w be (-9)/(1/22*-3). Calculate the highest common factor of 22 and w.
22
Suppose -v + 24 = 3*f + 2*v, 3*v = -f - 2. Calculate the greatest common factor of f and 65.
13
Suppose 153 = 6*h + 33. What is the highest common factor of 10 and h?
10
Let r be (-1 + 0 - -1)*-1. Let b = 3 - r. Suppose -25 = -z + d, 3*z - 13 = 2*z - b*d. What is the greatest common factor of 11 and z?
11
Let p be (-5)/(((-3)/327)/1). Suppose 0 = -4*l + 67 + p. What is the highest common divisor of 17 and l?
17
Suppose -9*m + 74 + 43 = 0. What is the highest common divisor of m and 1?
1
Suppose 0 = 7*z - 10*z + 30. What is the greatest common factor of 40 and z?
10
Suppose -2*x - 4*k + 26 = 0, -k + 1 + 1 = 0. What is the greatest common divisor of x and 81?
9
Let i = 6 + -4. Let k = 0 + i. Suppose 142 = k*w - 12. Calculate the highest common factor of w and 7.
7
Suppose -3*c + 799 + 452 = -2*q, -4 = 4*c. Let g = -64 - q. Suppose -5*k - 3*r = -g, 2*k + 111 = 3*k - r. Calculate the greatest common divisor of 14 and k.
14
Let w = 6 + -2. Calculate the greatest common factor of w and 32.
4
Suppose h = -5*a - 0*h + 34, 5*h - 32 = -2*a. Let v = a + 0. What is the greatest common divisor of v and 42?
6
Suppose 0 = -5*g - 0 + 150. What is the greatest common divisor of g and 90?
30
Let s = -3 - -7. Let j = -131 + 159. Calculate the greatest common factor of j and s.
4
Let q be -4 - -3 - 40/(-2). Let r = 71 + -14. Calculate the highest common divisor of q and r.
19
Let q(k) = 2*k + 2. Let i be q(6). Let c = 29 + -41. Let r be (-1)/(i/c - -1). What is the highest common factor of 66 and r?
6
Let j = -29 + 41. What is the highest common factor of j and 12?
12
Suppose -2*b + 8 = -0*b. Let s = b - 2. Let o(t) = t**3 + 5*t**2 + 2*t. Let n be o(-4). Calculate the greatest common factor of n and s.
2
Let d be (-2)/(-2) - 0 - 44. Let m = -31 - d. Calculate the highest common divisor of m and 12.
12
Let b(w) = 2*w**2 + 3*w - 3. Let q be b(-5). Let l be q/6*(-18)/(-4). Let f be (5/1 + 1)*1. What is the highest common divisor of l and f?
6
Suppose 3*r = 4*h + 64, 4*r - 62 - 40 = -3*h. Let w(z) = -z**2 - 9*z - 8. Let p be w(-5). Calculate the great